t is 801149 + -8?
801141
In base 2, what is -101100011111010111 - 10000011?
-101100100001011010
In base 9, what is -102706 - -520?
-102176
In base 16, what is -165502cf - -1?
-165502ce
In base 16, what is 161ace + 81?
161b4f
In base 16, what is -1bd7c39 - 0?
-1bd7c39
In base 3, what is 1021 + -12210122111?
-12210121020
In base 3, what is 11 - -22022000222122022?
22022000222122110
In base 5, what is 14040 + 1022124?
1041214
In base 15, what is -1d9ec - ba3?
-1e6a0
In base 6, what is -201 + 115023321?
115023120
In base 16, what is 1 + 4e9021?
4e9022
In base 12, what is 5643 - -46331?
4b974
In base 11, what is -4 - -818195?
818191
In base 3, what is -1112 - -102200220120?
102200212001
In base 14, what is -3 - -747ccc6?
747ccc3
In base 15, what is -644 - -c3e3?
bc9e
In base 7, what is 3 - 36102601?
-36102565
In base 13, what is -5ca + -3262?
-385c
In base 3, what is 102 + 21002020011?
21002020120
In base 10, what is -99905 - -308?
-99597
In base 14, what is 1d32 - -255c?
4490
In base 3, what is -10011201212121 - 112?
-10011201220010
In base 15, what is -94e - 166a2?
-17101
In base 11, what is -168a7 - 592?
-17389
In base 12, what is 62 + 305806?
305868
In base 6, what is 21 - -4400131?
4400152
In base 6, what is -21415 - -15334?
-2041
In base 12, what is -5 + -2666818?
-2666821
In base 14, what is 1 + -16d9d1d?
-16d9d1c
In base 14, what is -510c - -41?
-50ab
In base 10, what is 3055270 - 14?
3055256
In base 14, what is 12bb + 2b58?
4035
In base 5, what is -24304442 + -42121?
-24402113
In base 14, what is 2b5b515 + 4?
2b5b519
In base 5, what is 10 - -1430031030?
1430031040
In base 5, what is -43320242 - 211?
-43321003
In base 14, what is -51b + 98159?
97a3c
In base 4, what is 3 + 2311133100323?
2311133100332
In base 9, what is -378776 - -146?
-378630
In base 3, what is 110 - 21001201200110?
-21001201200000
In base 10, what is 540 + -326?
214
In base 5, what is 11 + -302322022?
-302322011
In base 16, what is -57dd7fbb + 3?
-57dd7fb8
In base 3, what is -2 - -11210122222212?
11210122222210
In base 11, what is -9270 - -2265?
-7006
In base 14, what is 1d6608 + 2b?
1d6635
In base 9, what is 13748058 + 22?
13748081
In base 5, what is 1 - 1101342300?
-1101342244
In base 12, what is -16 - -56658?
56642
In base 13, what is 406 - -1805c3?
1809c9
In base 5, what is 43313 + -4431104?
-4332241
In base 2, what is -1110110010000 + 11010011110101?
1011101100101
In base 7, what is 50521112 + -1?
50521111
In base 13, what is -20461b1 + 2?
-20461ac
In base 16, what is 4 - -3ca7c93?
3ca7c97
In base 8, what is -156 - 2223553?
-2223731
In base 6, what is 1305 + 453042?
454351
In base 7, what is -102 - -1126263?
1126161
In base 10, what is 1407480 + -3?
1407477
In base 7, what is 3 + 451600241?
451600244
In base 4, what is 102113 - 12020?
30033
In base 14, what is 107d + 40b0c?
41b8b
In base 13, what is 21 + 1199561?
1199582
In base 16, what is -31d0d66 + 1?
-31d0d65
In base 5, what is -1303000121 + 341?
-1302444230
In base 11, what is 16 - 313576?
-313560
In base 4, what is 200301001001 + 1020?
200301002021
In base 4, what is 21322213333 + 0?
21322213333
In base 10, what is 193 - 28128?
-27935
In base 8, what is 72777 + 5320?
100317
In base 4, what is 31132 - -1120213?
1212011
In base 9, what is -15707431 + 4?
-15707426
In base 9, what is 1 + -75037450?
-75037448
In base 11, what is -2a1 + 42899a?
4286a9
In base 14, what is -10c14 - -2302?
-c912
In base 16, what is 2 - -5e33cc?
5e33ce
In base 14, what is -10cb - -849?
-682
In base 15, what is b4 - -2494?
2558
In base 9, what is 68 + 5342530?
5342608
In base 4, what is -3320202 + 11333?
-3302203
In base 11, what is -516339 - 82?
-516410
In base 2, what is 11001111011 - 111110010010?
-100100010111
In base 3, what is -110201 - -1010100200020?
1010100012112
In base 7, what is -12354612 + -5?
-12354620
In base 6, what is 42552 - 5041?
33511
In base 2, what is 111001010001011011011 - 11011?
111001010001011000000
In base 9, what is 42835355 + -43?
42835312
In base 16, what is 5 - b69e8f?
-b69e8a
In base 15, what is 35 - 16a9c4?
-16a98e
In base 16, what is -312df73 + -2?
-312df75
In base 9, what is 4 + -5124532?
-5124527
In base 3, what is 212021 + 102211021?
110200112
In base 7, what is 2112601054 - 1?
2112601053
In base 16, what is 3f6ca + 4e?
3f718
In base 8, what is -1010 + 1500272?
1477262
In base 10, what is 6964217 + 5?
6964222
In base 10, what is -1152 - -303752?
302600
In base 4, what is -20 - -1021101023?
1021101003
In base 9, what is -852018 + -68?
-852087
In base 8, what is 16222 - -21665?
40107
In base 5, what is -3401144203110 - -10?
-3401144203100
In base 16, what is -28f + c526?
c297
In base 16, what is -10 + -1355?
-1365
In base 10, what is 7331119 + -7?
7331112
In base 12, what is -169aab3b + 3?
-169aab38
In base 10, what is 2 - 2899476?
-2899474
In base 6, what is -1000 + -141501?
-142501
In base 5, what is -3 - 144432332040?
-144432332043
In base 15, what is -356a425 - 4?
-356a429
In base 8, what is 4 + -32402404?
-32402400
In base 13, what is -1422b44 - -17?
-1422b2a
In base 9, what is 304 - -8376101?
8376405
In base 12, what is -4498b86 - -4?
-4498b82
In base 16, what is 252a11 + -4?
252a0d
In base 5, what is -221300312 - -1303?
-221244004
In base 15, what is -124a0b + 68?
-124993
In base 15, what is -212 + 1648b?
16279
In base 5, what is 114121243 - -11?
114121304
In base 2, what is -10111101000111101 + 11000111?
-10111100101110110
In base 6, what is -4501441 - -25?
-4501412
In base 13, what is 3b8 - 1480?
-1095
In base 3, what is 2122022110021100 + -1?
2122022110021022
In base 3, what is 1002020 - -21111221?
22121011
In base 15, what is -3 - 1aae61c?
-1aae620
In base 15, what is -bba + -87d6?
-94a1
In base 5, what is -320 + 10022421?
10022101
In base 16, what is -68c2c8 - 5?
-68c2cd
In base 11, what is 5163 - 12003?
-7950
In base 13, what is -bb + -484b84?
-484c72
In base 12, what is 34 - -18561b1?
1856225
In base 15, what is -3497c - e6?
-34a73
In base 9, what is -17 + -24466823?
-24466841
In base 5, what is 400124 - 11444?
333130
In base 7, what is 150 + 650246?
650426
In base 6, what is 1140110334 - 12?
1140110322
In base 7, what is 41 + 12305120?
12305161
In base 11, what is -5 - -22343897?
22343892
In base 9, what is -451363 + 122?
-451241
In base 14, what is -7d84d289 + 4?
-7d84d285
In base 11, what is -133a11a14 - -4?
-133a11a10
In base 6, what is 34555143 - -153?
34555340
In base 10, what is 1718 - 24984?
-23266
In base 9, what is 2645741 - -271?
2646122
In base 4, what is -111202002 - 3213?
-111211221
In base 9, what is -5 - -1370354?
1370348
In base 10, what is 12029 - -1794?
13823
In base 12, what is 141 + 23294?
23415
In base 5, what is -10 + 22021120114?
22021120104
In base 2, what is 1101100100 + -111111000111000?
-111101011010100
In base 13, what is -1 + -19b78a?
-19b78b
In base 15, what is -1d - 3837ea?
-383818
In base 16, what is 10b86e7 + 0?
10b86e7
In base 11, what is -20086a78 + 5?
-20086a73
In base 9, what is 8 + -1121526?
-1121517
In base 5, what is 102021232033 + -4?
102021232024
In base 7, what is -1012233043 - 14?
-1012233060
In base 15, what is -15278 + c03?
-14575
In base 9, what is -213 + 20060707?
20060484
In base 16, what is -7b28a6b + -1?
-7b28a6c
In base 16, what is 5 - -3fd999?
3fd99e
In base 3, what is 21221101102 - 220210?
21220110122
In base 12, what is -5 + 5450a1?
545098
In base 13, what is -45a - b49?
-12a6
In base 8, what is 13 - 1062352?
-1062337
In base 3, what is 201020020022 + -2212?
201020010110
In base 16, what is dbbbe5 - -1?
dbbbe6
In base 13, what is -1 - -2026cbb?
2026cba
In base 8, what is -120543762 + 1?
-120543761
In base 12, what is -6196b - 1444?
-631b3
In base 12, what is -252a + -6761?
-908b
In base 9, what is 5 - -6276085?
6276101
In base 6, what is 134535303 + 12?
134535315
In base 12, what is -2 + -4718068?
-471806a
In base 13, what is 3a20 - -2c9?
4019
In base 6, what is -3001 + 1251111?
1244110
In base 10, what is 27963 + -2246?
25717
In base 3, what is -20021020110 - 1122?
-20021022002
In base 12, what is -3a3b - -b40b?
7590
In base 13, what is 0 - -a703a7?
a703a7
In base 12, what is 210 + 22457a?
22478a
In base 7, what is 4602 + -21201?
-13266
In base 6, what is -331340 - 35011?
-410351
In base 16, what is 1d27179d + -5?
1d271798
In base